{"id":120,"date":"2023-12-17T17:55:37","date_gmt":"2023-12-17T17:55:37","guid":{"rendered":"http:\/\/micheldurighello.work.gd\/?page_id=120"},"modified":"2024-02-29T18:43:21","modified_gmt":"2024-02-29T17:43:21","slug":"divers","status":"publish","type":"page","link":"http:\/\/www.micheldurighello.be\/index.php\/divers\/","title":{"rendered":"Divers"},"content":{"rendered":"\t\t<div data-elementor-type=\"wp-page\" data-elementor-id=\"120\" class=\"elementor elementor-120\">\n\t\t\t\t<div class=\"elementor-element elementor-element-796f0d8 e-flex e-con-boxed e-con e-parent\" data-id=\"796f0d8\" data-element_type=\"container\" data-settings=\"{&quot;content_width&quot;:&quot;boxed&quot;}\" data-core-v316-plus=\"true\">\n\t\t\t\t\t<div class=\"e-con-inner\">\n\t\t\t\t<div class=\"elementor-element elementor-element-008dc39 elementor-widget elementor-widget-heading\" data-id=\"008dc39\" data-element_type=\"widget\" data-widget_type=\"heading.default\">\n\t\t\t\t<div class=\"elementor-widget-container\">\n\t\t\t<style>\/*! elementor - v3.19.0 - 28-02-2024 *\/\n.elementor-heading-title{padding:0;margin:0;line-height:1}.elementor-widget-heading .elementor-heading-title[class*=elementor-size-]>a{color:inherit;font-size:inherit;line-height:inherit}.elementor-widget-heading .elementor-heading-title.elementor-size-small{font-size:15px}.elementor-widget-heading .elementor-heading-title.elementor-size-medium{font-size:19px}.elementor-widget-heading .elementor-heading-title.elementor-size-large{font-size:29px}.elementor-widget-heading .elementor-heading-title.elementor-size-xl{font-size:39px}.elementor-widget-heading .elementor-heading-title.elementor-size-xxl{font-size:59px}<\/style><h2 class=\"elementor-heading-title elementor-size-default\">Divers<\/h2>\t\t<\/div>\n\t\t\t\t<\/div>\n\t\t\t\t<div class=\"elementor-element elementor-element-ba697ed elementor-widget elementor-widget-text-editor\" data-id=\"ba697ed\" data-element_type=\"widget\" data-widget_type=\"text-editor.default\">\n\t\t\t\t<div class=\"elementor-widget-container\">\n\t\t\t<style>\/*! elementor - v3.19.0 - 28-02-2024 *\/\n.elementor-widget-text-editor.elementor-drop-cap-view-stacked .elementor-drop-cap{background-color:#69727d;color:#fff}.elementor-widget-text-editor.elementor-drop-cap-view-framed .elementor-drop-cap{color:#69727d;border:3px solid;background-color:transparent}.elementor-widget-text-editor:not(.elementor-drop-cap-view-default) .elementor-drop-cap{margin-top:8px}.elementor-widget-text-editor:not(.elementor-drop-cap-view-default) .elementor-drop-cap-letter{width:1em;height:1em}.elementor-widget-text-editor .elementor-drop-cap{float:left;text-align:center;line-height:1;font-size:50px}.elementor-widget-text-editor .elementor-drop-cap-letter{display:inline-block}<\/style>\t\t\t\t<ul><li><span style=\"text-decoration: underline;\"><strong>Etat Civil : <\/strong><\/span>Belge, C\u00e9libataire, 53 ans.<\/li><li><span style=\"text-decoration: underline;\"><strong>Mobilit\u00e9 : <\/strong><\/span>Voiture, permis de conduire B, mobile g\u00e9ographiquement.\u00a0<\/li><li><span style=\"text-decoration: underline;\"><strong>Pr\u00e9tentions : <\/strong><\/span>1700 \u20ac net\/mois.\u00a0<\/li><li><span style=\"text-decoration: underline;\"><strong>Contact : <\/strong><\/span>Chemin des Vignobles, 15\/11. 5000 Namur &#8211; michel.durighello@proximus.be &#8211; 0473230822.<\/li><\/ul>\t\t\t\t\t\t<\/div>\n\t\t\t\t<\/div>\n\t\t\t\t\t<\/div>\n\t\t\t\t<\/div>\n\t\t<div class=\"elementor-element elementor-element-67b9dd0 e-flex e-con-boxed e-con e-parent\" data-id=\"67b9dd0\" data-element_type=\"container\" data-settings=\"{&quot;content_width&quot;:&quot;boxed&quot;}\" data-core-v316-plus=\"true\">\n\t\t\t\t\t<div class=\"e-con-inner\">\n\t\t\t\t\t<\/div>\n\t\t\t\t<\/div>\n\t\t\t\t<\/div>\n\t\t","protected":false},"excerpt":{"rendered":"<p>Divers Etat Civil : Belge, C\u00e9libataire, 53 ans. Mobilit\u00e9 : Voiture, permis de conduire B, mobile g\u00e9ographiquement.\u00a0 Pr\u00e9tentions : 1700 \u20ac net\/mois.\u00a0 Contact : Chemin des Vignobles, 15\/11. 5000 Namur &#8211; michel.durighello@proximus.be &#8211; 0473230822.<\/p>\n","protected":false},"author":1,"featured_media":0,"parent":0,"menu_order":0,"comment_status":"closed","ping_status":"closed","template":"page-templates\/template-pagebuilder-full-width.php","meta":{"neve_meta_sidebar":"","neve_meta_container":"","neve_meta_enable_content_width":"","neve_meta_content_width":0,"neve_meta_title_alignment":"","neve_meta_author_avatar":"","neve_post_elements_order":"","neve_meta_disable_header":"","neve_meta_disable_footer":"","neve_meta_disable_title":"","footnotes":""},"class_list":["post-120","page","type-page","status-publish","hentry"],"_links":{"self":[{"href":"http:\/\/www.micheldurighello.be\/index.php\/wp-json\/wp\/v2\/pages\/120","targetHints":{"allow":["GET"]}}],"collection":[{"href":"http:\/\/www.micheldurighello.be\/index.php\/wp-json\/wp\/v2\/pages"}],"about":[{"href":"http:\/\/www.micheldurighello.be\/index.php\/wp-json\/wp\/v2\/types\/page"}],"author":[{"embeddable":true,"href":"http:\/\/www.micheldurighello.be\/index.php\/wp-json\/wp\/v2\/users\/1"}],"replies":[{"embeddable":true,"href":"http:\/\/www.micheldurighello.be\/index.php\/wp-json\/wp\/v2\/comments?post=120"}],"version-history":[{"count":12,"href":"http:\/\/www.micheldurighello.be\/index.php\/wp-json\/wp\/v2\/pages\/120\/revisions"}],"predecessor-version":[{"id":796,"href":"http:\/\/www.micheldurighello.be\/index.php\/wp-json\/wp\/v2\/pages\/120\/revisions\/796"}],"wp:attachment":[{"href":"http:\/\/www.micheldurighello.be\/index.php\/wp-json\/wp\/v2\/media?parent=120"}],"curies":[{"name":"wp","href":"https:\/\/api.w.org\/{rel}","templated":true}]}}